390?
0
What is the tens digit of 2780626394?
9
What is the hundreds digit of 281981057?
0
What is the units digit of 9985995?
5
What is the units digit of 544624988?
8
What is the units digit of 76701630?
0
What is the hundred millions digit of 479265563?
4
What is the millions digit of 238598149?
8
What is the tens digit of 1022470507?
0
What is the hundreds digit of 13935904?
9
What is the millions digit of 348492627?
8
What is the millions digit of 13168794?
3
What is the thousands digit of 15813492?
3
What is the thousands digit of 32001372?
1
What is the ten millions digit of 4983245558?
8
What is the units digit of 888810?
0
What is the ten millions digit of 981100280?
8
What is the ten thousands digit of 3860798067?
9
What is the hundreds digit of 195402219?
2
What is the thousands digit of 609722615?
2
What is the hundreds digit of 152804417?
4
What is the tens digit of 839015291?
9
What is the hundred thousands digit of 43403799?
4
What is the units digit of 112742761?
1
What is the hundred millions digit of 422937022?
4
What is the hundreds digit of 2339620855?
8
What is the hundred millions digit of 506658210?
5
What is the thousands digit of 1244977276?
7
What is the units digit of 84406669?
9
What is the hundred thousands digit of 439951835?
9
What is the millions digit of 2006992?
2
What is the hundred thousands digit of 635029669?
0
What is the thousands digit of 267629917?
9
What is the ten millions digit of 684481982?
8
What is the ten thousands digit of 14402440?
0
What is the units digit of 39407825?
5
What is the hundred thousands digit of 14145987?
1
What is the millions digit of 49694562?
9
What is the ten thousands digit of 20593505?
9
What is the units digit of 345282077?
7
What is the millions digit of 52138274?
2
What is the units digit of 802208082?
2
What is the ten millions digit of 13677695?
1
What is the tens digit of 65125269?
6
What is the units digit of 114648877?
7
What is the thousands digit of 47633494?
3
What is the thousands digit of 1333172355?
2
What is the hundred thousands digit of 117543720?
5
What is the millions digit of 953490326?
3
What is the ten thousands digit of 45490710?
9
What is the tens digit of 74207540?
4
What is the ten thousands digit of 220771396?
7
What is the units digit of 299988252?
2
What is the millions digit of 398037709?
8
What is the millions digit of 78837399?
8
What is the tens digit of 584654177?
7
What is the hundred millions digit of 2267772188?
2
What is the hundred millions digit of 267790298?
2
What is the hundreds digit of 1380815260?
2
What is the ten thousands digit of 8110420?
1
What is the ten millions digit of 741195509?
4
What is the ten thousands digit of 50987845?
8
What is the tens digit of 14849546?
4
What is the units digit of 42440031?
1
What is the units digit of 108078176?
6
What is the millions digit of 420080054?
0
What is the hundreds digit of 306763952?
9
What is the hundred thousands digit of 492813579?
8
What is the thousands digit of 93420642?
0
What is the thousands digit of 647970?
7
What is the thousands digit of 3150644095?
4
What is the tens digit of 1346493826?
2
What is the hundred thousands digit of 1044444057?
4
What is the ten thousands digit of 169068142?
6
What is the ten thousands digit of 91931136?
3
What is the tens digit of 507158502?
0
What is the units digit of 3681353499?
9
What is the ten millions digit of 14970681?
1
What is the hundred millions digit of 193906372?
1
What is the hundred thousands digit of 864046319?
0
What is the ten millions digit of 309651142?
0
What is the tens digit of 2114277137?
3
What is the tens digit of 28504054?
5
What is the ten millions digit of 2108015978?
0
What is the hundred thousands digit of 4819362200?
3
What is the tens digit of 14319166?
6
What is the millions digit of 105166095?
5
What is the hundreds digit of 105048544?
5
What is the billions digit of 3718573236?
3
What is the units digit of 78639352?
2
What is the thousands digit of 260786716?
6
What is the hundred millions digit of 151665004?
1
What is the units digit of 114568929?
9
What is the ten millions digit of 3391211019?
9
What is the tens digit of 838080102?
0
What is the thousands digit of 184529057?
9
What is the hundred millions digit of 5531971492?
5
What is the millions digit of 661465063?
1
What is the hundred millions digit of 293925800?
2
What is the thousands digit of 5522441036?
1
What is the ten thousands digit of 3606928119?
2
What is the millions digit of 1942474102?
2
What is the units digit of 63973691?
1
What is the hundred thousands digit of 266300338?
3
What is the hundred millions digit of 2455175017?
4
What is the millions digit of 134554676?
4
What is the thousands digit of 19744189?
4
What is the hundreds digit of 119101999?
9
What is the units digit of 60318802?
2
What is the ten millions digit of 803909954?
0
What is the ten millions digit of 2890241849?
9
What is the hundred millions digit of 277043353?
2
What is the ten thousands digit of 33696880?
9
What is the millions digit of 1260032614?
0
What is the ten millions digit of 1168760710?
6
What is the hundreds digit of 1303298211?
2
What is the millions digit of 2837830316?
7
What is the units digit of 136435906?
6
What is the units digit of 18446715?
5
What is the hundred millions digit of 116889396?
1
What is the millions digit of 65944376?
5
What is the tens digit of 23864889?
8
What is the tens digit of 7470023364?
6
What is the tens digit of 1840239968?
6
What is the units digit of 6024063?
3
What is the thousands digit of 703547396?
7
What is the ten millions digit of 87642633?
8
What is the ten thousands digit of 417176415?
7
What is the millions digit of 4574849970?
4
What is the units digit of 22555873?
3
What is the billions digit of 3987830783?
3
What is the hundreds digit of 348973973?
9
What is the hundreds digit of 144838371?
3
What is the thousands digit of 39935631?
5
What is the tens digit of 6805675433?
3
What is the ten millions digit of 5725598884?
2
What is the units digit of 69030649?
9
What is the tens digit of 1724027382?
8
What is the units digit of 709899155?
5
What is the ten millions digit of 98167198?
9
What is the units digit of 944900?
0
What is the units digit of 1335132568?
8
What is the hundreds digit of 65533662?
6
What is the tens digit of 166400463?
6
What is the millions digit of 58588616?
8
What is the tens digit of 184700314?
1
What is the hundreds digit of 542225437?
4
What is the ten millions digit of 1930407113?
3
What is the thousands digit of 77474162?
4
What is the thousands digit of 844102177?
2
What is the units digit of 16216717?
7
What is the ten millions digit of 712588228?
1
What is the millions digit of 18361694?
8
What is the millions digit of 140465786?
0
What is the hundreds digit of 125445184?
1
What is the hundred thousands digit of 138770992?
7
What is the hundred millions digit of 6708124990?
7
What is the ten millions digit of 4738823505?
3
What is the millions digit of 151806469?
1
What is the hundred thousands digit of 1621511267?
5
What is the tens digit of 1744005611?
1
What is the hundred thousands digit of 2277306?
2
What is the hundred thousands digit of 22266710?
2
What is the millions digit of 271649246?
1
What is the millions digit of 45827931?
5
What is the tens digit of 881735687?
8
What is the hundred thousands digit of 173257461?
2
What is the millions digit of 68094510?
8
What is the hundred millions digit of 2279673514?
2
What is the hundred millions digit of 747208689?
7
What is the hundred thousands digit of 9253406188?
4
What is the hundred thousands digit of 414387712?
3
What is the ten thousands digit of 1100120829?
2
What is the ten millions digit of 97322652?
9
What is the millions digit of 6714150?
6
What is the ten millions digit of 501423164?
0
What is the tens digit of 690088935?
3
What is the ten thousands digit of 161563135?
6
What is the ten millions digit of 124250755?
2
What is the ten millions digit of 777666457?
7
What is the ten thousands digit of 114933744?
3
What is the millions digit of 52653632?
2
What is the ten thousands digit of 90375175?
7
What is the units digit of 11089318?
8
What is the hundred millions digit of 127570809?
1
What is the u